 + 3*q - 4054 = 0. Is x a prime number?
False
Suppose -1442 = -9*y + 1429. Is y composite?
True
Suppose 4*x - 8 = -u, u + 2*u + 5*x = 3. Is 1265 + (6/u)/(6/8) prime?
False
Suppose -2*h = 2*u + 6, 0 = 5*h - 2*u + 4*u + 6. Let w be 38/14 + (-22)/(-77). Suppose w*n + 9 = h, 4*j + 5*n = -0*j + 4157. Is j prime?
False
Let m(h) = 1 + 0*h + 2*h - h - 2. Let p be m(4). Suppose p*u - 34 - 32 = 0. Is u composite?
True
Let z(t) = t**3 - 10*t**2 + 7*t + 8. Let a be z(9). Let u = 25 + -42. Let h = a - u. Is h a prime number?
True
Let v = 662 - 255. Is v composite?
True
Let q = 6 - 6. Suppose q = p - 4*t + 14, -3*p - p + 4*t = 44. Is (50 + 1)/(p + 11) composite?
True
Let l(s) = 6*s**2 - 11*s - 18. Is l(-25) a composite number?
False
Suppose -2*b - 6 = r, -2*r + 15 = b - 6*b. Suppose 4*z - 1436 = -r*z. Let g = -150 + z. Is g a prime number?
False
Let r = -106 - -52. Let q = 103 + r. Is q composite?
True
Let s(b) = 122*b - 53. Let a be s(16). Let q = -640 + a. Is q a prime number?
True
Let l = -18 - -21. Suppose -22 = -l*z - 115. Let p = z + 164. Is p a composite number?
True
Let j = -41 - -45. Suppose j*q + 0*y - 5442 = -2*y, 2*y + 1363 = q. Is q a prime number?
True
Is (-4)/(-132)*126417 + 8/44 composite?
True
Is (-19315)/(-1) - (10 + -14) composite?
False
Let m(k) be the first derivative of -4 + 49*k + 1/3*k**3 - 1/2*k**2. Is m(0) a composite number?
True
Suppose 3*k = -5*n + 261923, 5*n - 166783 = 2*k + 95160. Is n a prime number?
True
Let r(w) be the third derivative of w**5/15 + w**4/8 + w**3/2 - 3*w**2. Is r(-4) composite?
True
Let f(i) = -2*i**3 - 3*i**2 - 4*i + 4. Suppose -2*c = -3*c + 5*y - 17, 5*c + 45 = 5*y. Is f(c) composite?
False
Suppose t + n + 14 = -4*n, 4*t = -2*n - 20. Let v be (0 + 3 + -16)*t. Suppose g + 21 = v. Is g composite?
False
Is (-9)/6*4 - (-18601)/1 a prime number?
False
Let k be 0 + -1 + 3 - 131. Let n = k + 386. Is n a prime number?
True
Suppose -4*q - 2*c + 44108 = 0, -5*c - 16490 = -2*q + 5564. Is q a composite number?
False
Suppose 8*u - 4*u + 56 = 0. Let c(g) = g**2 + 8*g + 34. Is c(u) a prime number?
False
Suppose 3*y + 5*k - k = 16, -4*y + 4*k + 40 = 0. Suppose y*a + 12 = -28. Is (-1172)/10*a/2 a prime number?
True
Let p(c) be the second derivative of c**3/6 - 5*c**2/2 - 3*c. Let i be p(12). Let r(g) = g**3 - 2*g**2 + 6*g + 6. Is r(i) prime?
True
Suppose -21939 = -8*s + 42469. Is s composite?
True
Let t = -66 + 68. Suppose 3 - 1 = w, 3510 = t*f - 4*w. Is f prime?
True
Let n be 10/6 + (-1)/(-3). Let o(l) = 4*l**n - 2*l**2 + 59*l - 47*l + 4. Is o(-9) prime?
False
Let h = -17 + 18. Suppose h = -2*r - 5. Is 9/(-6)*50/r prime?
False
Suppose 18*l = 14*l + 4852. Is l prime?
True
Let d(y) = -5*y**3 + 12*y**2 + 13*y - 19. Is d(-8) prime?
False
Let d(c) = 34*c + 12. Suppose 0 = 2*v + 12 - 4. Let b be d(v). Let j = -66 - b. Is j composite?
True
Suppose -m - 2260 = 4*j - 0*m, j + 565 = 2*m. Let z = j + 1196. Is z composite?
False
Let a be (12/21)/(3/21). Suppose 483 = -2*p + 3*p + a*t, -2*t - 459 = -p. Is p a prime number?
True
Suppose -4*g + 3*m - 8*m = -24248, m = 2*g - 12138. Is g a prime number?
True
Let i be 3 - 1*(-8)/(-2). Let n be i + 1 + -1 - -4. Suppose n*j = 548 + 211. Is j a composite number?
True
Suppose -147*j = -121*j - 901966. Is j composite?
True
Suppose 9*f + 24*f - 57255 = 0. Is f a composite number?
True
Let v(a) = 38627*a**2 + 16*a + 18. Is v(-1) a composite number?
False
Let w be 14/(-3) - (-12)/18. Let g(h) = 36*h**2 - 3*h + 5. Is g(w) prime?
True
Suppose -2*v - 2 = -10. Suppose g = -2*a + 2*g - 48, 68 = -v*a - 5*g. Let w = -9 - a. Is w a composite number?
False
Is (-6)/4*(80183/(-3) - -3) prime?
True
Let h be (-2 - -1281)*(1 - 0). Let t = -890 + h. Is t a composite number?
False
Let j = -832 + 1256. Suppose 414 = 2*t - j. Is t composite?
False
Suppose k + 277310 = 11*k. Is k prime?
False
Let i = -17 - -7. Let d(z) = 31*z + 15. Let b be d(i). Let f = b - -978. Is f a composite number?
False
Let u = -28455 + 52736. Is u a composite number?
False
Suppose -11*h + 93289 = -69918. Is h composite?
True
Let a(c) = 21*c + 6. Let y be a(-8). Let q = y - -271. Is q a prime number?
True
Suppose -6 = x - 3, 1928 = 4*q - 4*x. Is q prime?
True
Suppose -327*u + 284595 = -312*u. Is u a prime number?
True
Is 2/(-15) + (-1019547)/(-1215) a prime number?
True
Let w be 2/1 - (4 + 10/(-2)). Suppose -2*h = 5*i - 1881, 5*i - w*h - 1891 = -0*h. Is i composite?
True
Let j(g) = -8*g**2 - 4*g + 1. Let h(y) = -4*y**2 - 2*y. Let x(q) = 5*h(q) - 3*j(q). Is x(-7) composite?
False
Let c(y) = -y**3 - 16*y**2 + 17*y + 4. Let d be c(-17). Suppose -2*q - 2*a = -2872, -d*q - 3370 + 9123 = a. Is q composite?
False
Let y(w) = 611*w - 23. Is y(6) composite?
False
Let r(y) = 15*y**2 + 12*y + 5. Let p be r(-9). Let u = p + -439. Is u a composite number?
False
Suppose 0 = 7*d - 19507 + 4464. Is d composite?
True
Let z be (-1 - 15)/((-4)/(-6)). Let k be z + 22 - 101*1. Let j = -66 - k. Is j composite?
False
Suppose 15*p - 3314 = 13*p. Is p composite?
False
Let k be ((-20)/(-1))/(-24 + 22). Let c(p) = -333*p + 23. Is c(k) a composite number?
True
Let u = 27 + -28. Is (-6260)/(-6) - u/(-3) prime?
False
Let u = 8 - 5. Suppose -5*k = -4*h - 7365, -3*k + 2239 = u*h - 2207. Is k prime?
False
Let y = -119 - -15. Let s = 178 + y. Is s a prime number?
False
Let y = 28 - 33. Is 10/y*((-1335)/6 + 1) a prime number?
True
Let d(v) = -36*v + 958. Is d(-28) prime?
False
Suppose -5*j - 3*g = -0*g - 37, -g - 11 = -3*j. Suppose -2*i = q + 9, 4*q + 19 = -j*i - 2. Is (9/(-18))/(q/(-326)) a composite number?
False
Let j(v) = v**2 + 11*v + 3. Let o be j(-11). Let h(f) = -2*f + 0 - 3 + 105*f**3 + 21*f**o + 2*f**2 + 4. Is h(1) prime?
True
Let l(b) = 39*b**2 + 3*b + 1. Let i(s) = s**2 - s - 1. Let j = -22 + 25. Let z(d) = j*i(d) + l(d). Is z(-2) a composite number?
True
Let b(u) = 15*u**3 + 14*u**2 - 5*u + 3. Is b(4) composite?
True
Suppose 5*g + q + 818 = 0, -3*g = -4*g - 4*q - 175. Let k = 56 + g. Let l = k + 166. Is l prime?
True
Let j = 22 - 21. Is ((-485)/10)/(j/(-6)) a prime number?
False
Let h = -31 - -132. Suppose -2*v + h = o - 0*o, 0 = 2*v + 6. Let x = 318 - o. Is x prime?
True
Suppose -3*x - 2*h = -6*h - 41633, 0 = -3*x - 5*h + 41669. Is x composite?
False
Let q = 7850 - 3801. Is q a composite number?
False
Suppose 71 = 3*f + 4*z, -3*f - 2*f = 5*z - 125. Suppose -33*s = -f*s - 2332. Is s prime?
False
Let m(x) = -3*x**3 - 3*x**2 - 6*x + 7. Let l(g) = -g**3 + 1. Let d(p) = -2*l(p) + m(p). Let t be (-26)/3 + (-4)/(-6). Is d(t) composite?
False
Let j(v) = 10*v**2 - 2*v + 2. Is j(-2) composite?
True
Suppose 0 = 5*r + 3 + 7. Let y be ((-366)/9)/(r/15). Let i = y + -183. Is i prime?
False
Suppose 14 = 4*n - l, n - 5*l + l = 11. Suppose -483 - 1062 = -n*h. Is h a composite number?
True
Let i = 20 - -5. Let c = i + -80. Let r = 462 + c. Is r a composite number?
True
Suppose 15*c - 12826 = -7*c. Is c a prime number?
False
Let p(h) = 20*h**2 + 30*h - 141. Is p(13) prime?
False
Let y be (-1 - (-33)/9)*-6. Let j be y/10*(-3420)/8. Let m = -437 + j. Is m a prime number?
False
Let k(w) = w - 19. Let n be k(7). Let p be n/(-3) + 0 + 93. Suppose -4*c - 3*g = 171 - 559, -c + p = 3*g. Is c a composite number?
False
Let k(r) = -3*r + 10. Let x be k(4). Let q be (-111)/(-15) + x/5. Suppose q*v + 27 - 132 = 0. Is v prime?
False
Suppose z - 5*z + 2*x = 2968, x = 0. Let v = -41 + z. Let u = -380 - v. Is u a prime number?
False
Suppose -2*a - c = -12, -c - 16 = -4*a - 5*c. Suppose -4565 = a*h - 13*h. Is h prime?
False
Suppose -9*x + 20 = -5*x. Let z(b) = -b**3 + 8*b**2 - 2*b + 6. Is z(x) prime?
True
Suppose -5*p = -h - 22, 3*h - 36 = -5*p - 2. Suppose -5*q - 4*i = -q - 1916, 0 = h*q + i - 1437. Is q a composite number?
False
Suppose 4*p - 2*z = 157926, -5*z = -11*p + 10*p + 39486. Is p composite?
True
Let s = 959 + -314. Let p = -232 + s. Is p a composite number?
True
Is ((-734145)/20)/(-17)*(-4)/(-3) prime?
True
Let c = 24 + 79. Let w = c + -200. Let z = -44 - w. Is z a composite number?
False
Suppose 2*u = 3*z + 2372, -4*u + 4744 = 11*z - 9*z. Is u prime?
False
Let o(b) = 0 - 2 + 5 + 2 + 12*b + 2*b**2. Is o(-10) prime?
False
Let x = 14942 + 3691. Is x a composite number?
True
Suppose -5*t - 16008 = -10*x + 6*x, 12029 = 3*x + 2*t. Is x composite?
False
Let l = 5 - 8. Let b = l + 5. Supp